{"id":555,"date":"2021-04-16T22:34:20","date_gmt":"2021-04-16T20:34:20","guid":{"rendered":"https:\/\/www.telenec.cz\/?page_id=555"},"modified":"2021-07-03T15:05:08","modified_gmt":"2021-07-03T13:05:08","slug":"motocykly","status":"publish","type":"page","link":"https:\/\/www.telenec.cz\/index.php\/motocykly\/","title":{"rendered":"Motocykly"},"content":{"rendered":"<p class=\"has-vivid-red-color has-text-color\" style=\"font-size:38px\">Origin\u00e1ln\u00ed motocykly z Kr\u00e1sn\u00e9 L\u00edpy<\/p>\n<p>Kr\u00e1sn\u00e1 L\u00edpa je i m\u011bsto, kde  se zrodily  nejdel\u0161\u00ed motorky na sv\u011bt\u011b. Jejich autor byl <a rel=\"noreferrer noopener\" href=\"https:\/\/cs.wikipedia.org\/wiki\/Albin_Hugo_Liebisch\" target=\"_blank\">Albin Hugo Liebisch<\/a>. Tento \u010desko-n\u011bmeck\u00fd konstrukt\u00e9r se narodil se v 26. \u010dervence 1888 v Rumburku. Jako \u0161estilet\u00fd se s rodi\u010di odst\u011bhoval do Kr\u00e1sn\u00e9 L\u00edpy. Vyu\u010dil se u prodejce\u00a0bicykl\u016f a motocykl\u016f ve\u00a0<a href=\"https:\/\/cs.wikipedia.org\/wiki\/Varnsdorf\">Varnsdorfu<\/a>. V devaten\u00e1cti letech ode\u0161el do\u00a0 N\u011bmecka, kde se \u017eivil jako \u0159idi\u010d.  Od roku 1925  za\u010dal  ve sv\u00e9 d\u00edln\u011b v Kr\u00e1sn\u00e9 L\u00edp\u011b\u00a0vyr\u00e1b\u011bt pro \u010desk\u00fd trh jedine\u010dn\u00e9 motocykly \u2013 pod n\u00e1zvem\u00a0\u010cechie\u00a0a pro n\u011bmeck\u00fd trh\u00a0B\u00f6hmerland.<\/p>\n<div class=\"wp-block-image\">\n<figure class=\"aligncenter size-large is-resized\"><img loading=\"lazy\" decoding=\"async\" src=\"https:\/\/www.telenec.cz\/wp-content\/uploads\/2021\/05\/Motocykl_Bohmerland.jpg\" alt=\"\" class=\"wp-image-775\" width=\"450\" height=\"338\" srcset=\"https:\/\/www.telenec.cz\/wp-content\/uploads\/2021\/05\/Motocykl_Bohmerland.jpg 900w, https:\/\/www.telenec.cz\/wp-content\/uploads\/2021\/05\/Motocykl_Bohmerland-300x225.jpg 300w, https:\/\/www.telenec.cz\/wp-content\/uploads\/2021\/05\/Motocykl_Bohmerland-768x576.jpg 768w\" sizes=\"(max-width: 450px) 100vw, 450px\" \/><\/figure>\n<\/div>\n<p>Typick\u00fdm znakem t\u011bchto motocykl\u016f  je masivn\u00ed r\u00e1m z trubek, lit\u00e9 (z lehk\u00e9 slitiny), pop\u0159. lisovan\u00e9 (z plechu) disky kol a dv\u011b benz\u00ednov\u00e9 n\u00e1dr\u017ee, um\u00edst\u011bn\u00e9 po stran\u00e1ch motocyklu na z\u00e1di. Pozd\u011bj\u0161\u00ed modely byly vybaveny i n\u00e1dr\u017e\u00ed, um\u00edst\u011bnou na klasick\u00e9m m\u00edst\u011b nad motorem p\u0159ed \u0159idi\u010dem.<\/p>\n<p>Nej\u010dast\u011bji pou\u017eitou pohonnou jednotkou je motor Liebischovy vlastn\u00ed konstrukce, \u010dty\u0159dob\u00fd dvouventilov\u00fd jednov\u00e1lec 600 cm<sup>3<\/sup> s ventilov\u00fdm rozvodem OHV. M\u00e9n\u011b \u010dast\u00e9 jsou dochovan\u00e9 modely motocyklu s jednov\u00e1lcov\u00fdm dvoudob\u00fdm motorem 350 cm<sup>3<\/sup>, kter\u00fd dosahoval podobn\u00e9ho v\u00fdkonu jako \u010dty\u0159dob\u00fd motor 600 cm<sup>3.<\/sup><\/p>\n<p>Sl\u00e1vu si motorky, vyr\u00e1b\u011bn\u00e9 v Kr\u00e1sn\u00e9 L\u00edp\u011b, z\u00edskaly zejm\u00e9na d\u00e9lkou &#8211; z\u00e1kladn\u00ed proveden\u00ed m\u011b\u0159ilo 3,17 metru, Liebisch cht\u011bl toti\u017e nab\u00eddnout dopravn\u00ed prost\u0159edek i rodin\u00e1m, kter\u00e9 nem\u011bly na auto. Celkem vzniklo zhruba 1500 motocykl\u016f, jejich\u017e v\u00fdrobu ukon\u010dila v\u00e1lka. Po v\u00e1lce se Albin Hugo Liebisch odst\u011bhoval se synem do\u00a0Pasova, kde  1965 v zapomenut\u00ed zem\u0159el. V Kr\u00e1sn\u00e9 L\u00edp\u011b mu byla v roce  2000 odhalena pam\u011btn\u00ed deska.<\/p>\n<div class=\"wp-block-image is-style-rounded\">\n<figure class=\"aligncenter size-large is-resized\"><img loading=\"lazy\" decoding=\"async\" src=\"https:\/\/www.telenec.cz\/wp-content\/uploads\/2021\/05\/moto_09.jpg\" alt=\"\" class=\"wp-image-782\" width=\"306\" height=\"500\" srcset=\"https:\/\/www.telenec.cz\/wp-content\/uploads\/2021\/05\/moto_09.jpg 611w, https:\/\/www.telenec.cz\/wp-content\/uploads\/2021\/05\/moto_09-183x300.jpg 183w\" sizes=\"(max-width: 306px) 100vw, 306px\" \/><figcaption>Pam\u011btn\u00ed deska A. H. Liebische na n\u00e1m\u011bst\u00ed v Kr\u00e1sn\u00e9 l\u00edp\u011b<\/figcaption><\/figure>\n<\/div>\n<p>V sou\u010dasn\u00e9 dob\u011b jsou motocykly t\u00e9to zna\u010dky velmi cen\u011bn\u00e9. Bylo jich toti\u017e vyrobeno jen asi 775 kus\u016f.  V Kr\u00e1sn\u00e9 L\u00edp\u011b, kde byla firma p\u016fvodn\u011b zalo\u017eena, se st\u00e1le konaj\u00ed srazy t\u011bchto motocykl\u016f.<\/p>\n<figure class=\"wp-block-gallery columns-3 is-cropped wp-block-gallery-1 is-layout-flex wp-block-gallery-is-layout-flex\">\n<ul class=\"blocks-gallery-grid\">\n<li class=\"blocks-gallery-item\">\n<figure><a href=\"https:\/\/www.telenec.cz\/wp-content\/uploads\/2021\/05\/moto_01.jpg\"><img loading=\"lazy\" decoding=\"async\" width=\"1000\" height=\"750\" src=\"https:\/\/www.telenec.cz\/wp-content\/uploads\/2021\/05\/moto_01.jpg\" alt=\"\" data-id=\"776\" data-full-url=\"https:\/\/www.telenec.cz\/wp-content\/uploads\/2021\/05\/moto_01.jpg\" data-link=\"https:\/\/www.telenec.cz\/index.php\/motocykly\/moto_01\/\" class=\"wp-image-776\" srcset=\"https:\/\/www.telenec.cz\/wp-content\/uploads\/2021\/05\/moto_01.jpg 1000w, https:\/\/www.telenec.cz\/wp-content\/uploads\/2021\/05\/moto_01-300x225.jpg 300w, https:\/\/www.telenec.cz\/wp-content\/uploads\/2021\/05\/moto_01-768x576.jpg 768w\" sizes=\"(max-width: 706px) 89vw, (max-width: 767px) 82vw, 740px\" \/><\/a><\/figure>\n<\/li>\n<li class=\"blocks-gallery-item\">\n<figure><a href=\"https:\/\/www.telenec.cz\/wp-content\/uploads\/2021\/05\/moto_02.jpg\"><img loading=\"lazy\" decoding=\"async\" width=\"1000\" height=\"750\" src=\"https:\/\/www.telenec.cz\/wp-content\/uploads\/2021\/05\/moto_02.jpg\" alt=\"\" data-id=\"777\" data-full-url=\"https:\/\/www.telenec.cz\/wp-content\/uploads\/2021\/05\/moto_02.jpg\" data-link=\"https:\/\/www.telenec.cz\/index.php\/motocykly\/moto_02\/\" class=\"wp-image-777\" srcset=\"https:\/\/www.telenec.cz\/wp-content\/uploads\/2021\/05\/moto_02.jpg 1000w, https:\/\/www.telenec.cz\/wp-content\/uploads\/2021\/05\/moto_02-300x225.jpg 300w, https:\/\/www.telenec.cz\/wp-content\/uploads\/2021\/05\/moto_02-768x576.jpg 768w\" sizes=\"(max-width: 706px) 89vw, (max-width: 767px) 82vw, 740px\" \/><\/a><\/figure>\n<\/li>\n<li class=\"blocks-gallery-item\">\n<figure><a href=\"https:\/\/www.telenec.cz\/wp-content\/uploads\/2021\/05\/moto_03.jpg\"><img loading=\"lazy\" decoding=\"async\" width=\"1000\" height=\"750\" src=\"https:\/\/www.telenec.cz\/wp-content\/uploads\/2021\/05\/moto_03.jpg\" alt=\"\" data-id=\"778\" data-full-url=\"https:\/\/www.telenec.cz\/wp-content\/uploads\/2021\/05\/moto_03.jpg\" data-link=\"https:\/\/www.telenec.cz\/index.php\/motocykly\/moto_03\/\" class=\"wp-image-778\" srcset=\"https:\/\/www.telenec.cz\/wp-content\/uploads\/2021\/05\/moto_03.jpg 1000w, https:\/\/www.telenec.cz\/wp-content\/uploads\/2021\/05\/moto_03-300x225.jpg 300w, https:\/\/www.telenec.cz\/wp-content\/uploads\/2021\/05\/moto_03-768x576.jpg 768w\" sizes=\"(max-width: 706px) 89vw, (max-width: 767px) 82vw, 740px\" \/><\/a><\/figure>\n<\/li>\n<li class=\"blocks-gallery-item\">\n<figure><a href=\"https:\/\/www.telenec.cz\/wp-content\/uploads\/2021\/05\/moto_04.jpg\"><img loading=\"lazy\" decoding=\"async\" width=\"1000\" height=\"750\" src=\"https:\/\/www.telenec.cz\/wp-content\/uploads\/2021\/05\/moto_04.jpg\" alt=\"\" data-id=\"779\" data-full-url=\"https:\/\/www.telenec.cz\/wp-content\/uploads\/2021\/05\/moto_04.jpg\" data-link=\"https:\/\/www.telenec.cz\/index.php\/motocykly\/moto_04\/\" class=\"wp-image-779\" srcset=\"https:\/\/www.telenec.cz\/wp-content\/uploads\/2021\/05\/moto_04.jpg 1000w, https:\/\/www.telenec.cz\/wp-content\/uploads\/2021\/05\/moto_04-300x225.jpg 300w, https:\/\/www.telenec.cz\/wp-content\/uploads\/2021\/05\/moto_04-768x576.jpg 768w\" sizes=\"(max-width: 706px) 89vw, (max-width: 767px) 82vw, 740px\" \/><\/a><\/figure>\n<\/li>\n<li class=\"blocks-gallery-item\">\n<figure><a href=\"https:\/\/www.telenec.cz\/wp-content\/uploads\/2021\/05\/moto_06.jpg\"><img loading=\"lazy\" decoding=\"async\" width=\"1000\" height=\"750\" src=\"https:\/\/www.telenec.cz\/wp-content\/uploads\/2021\/05\/moto_06.jpg\" alt=\"\" data-id=\"780\" data-full-url=\"https:\/\/www.telenec.cz\/wp-content\/uploads\/2021\/05\/moto_06.jpg\" data-link=\"https:\/\/www.telenec.cz\/index.php\/motocykly\/moto_06\/\" class=\"wp-image-780\" srcset=\"https:\/\/www.telenec.cz\/wp-content\/uploads\/2021\/05\/moto_06.jpg 1000w, https:\/\/www.telenec.cz\/wp-content\/uploads\/2021\/05\/moto_06-300x225.jpg 300w, https:\/\/www.telenec.cz\/wp-content\/uploads\/2021\/05\/moto_06-768x576.jpg 768w\" sizes=\"(max-width: 706px) 89vw, (max-width: 767px) 82vw, 740px\" \/><\/a><\/figure>\n<\/li>\n<li class=\"blocks-gallery-item\">\n<figure><a href=\"https:\/\/www.telenec.cz\/wp-content\/uploads\/2021\/05\/moto_08.jpg\"><img loading=\"lazy\" decoding=\"async\" width=\"1000\" height=\"750\" src=\"https:\/\/www.telenec.cz\/wp-content\/uploads\/2021\/05\/moto_08.jpg\" alt=\"\" data-id=\"781\" data-full-url=\"https:\/\/www.telenec.cz\/wp-content\/uploads\/2021\/05\/moto_08.jpg\" data-link=\"https:\/\/www.telenec.cz\/index.php\/motocykly\/moto_08\/\" class=\"wp-image-781\" srcset=\"https:\/\/www.telenec.cz\/wp-content\/uploads\/2021\/05\/moto_08.jpg 1000w, https:\/\/www.telenec.cz\/wp-content\/uploads\/2021\/05\/moto_08-300x225.jpg 300w, https:\/\/www.telenec.cz\/wp-content\/uploads\/2021\/05\/moto_08-768x576.jpg 768w\" sizes=\"(max-width: 706px) 89vw, (max-width: 767px) 82vw, 740px\" \/><\/a><\/figure>\n<\/li>\n<\/ul><figcaption class=\"blocks-gallery-caption\">Setk\u00e1n\u00ed majitel\u016f motocyklu \u010cechie&nbsp;&#8211; B\u00f6hmerland na n\u00e1m\u011bst\u00ed v Kr\u00e1sn\u00e9 L\u00edpe (foto autor webu)<\/figcaption><\/figure>\n<pre class=\"wp-block-preformatted\">[1] <em><a rel=\"noreferrer noopener\" href=\"https:\/\/www.reflex.cz\/clanek\/causy\/74002\/albin-hugo-liebisch-uspesny-cesko-nemecky-konstrukter-legendarniho-motocyklu-cechie-zemrel-chudy-a-v-zapomneni.htm\" data-type=\"URL\" data-id=\"https:\/\/www.reflex.cz\/clanek\/causy\/74002\/albin-hugo-liebisch-uspesny-cesko-nemecky-konstrukter-legendarniho-motocyklu-cechie-zemrel-chudy-a-v-zapomneni.htm\" target=\"_blank\">Albin Hugo Liebisch<\/a> - web<\/em><\/pre><\/p>\n","protected":false},"excerpt":{"rendered":"<p>Origin\u00e1ln\u00ed motocykly z Kr\u00e1sn\u00e9 L\u00edpy Kr\u00e1sn\u00e1 L\u00edpa je i m\u011bsto, kde se zrodily nejdel\u0161\u00ed motorky na sv\u011bt\u011b. Jejich autor byl Albin Hugo Liebisch. Tento \u010desko-n\u011bmeck\u00fd konstrukt\u00e9r se narodil se v 26. \u010dervence 1888 v Rumburku. Jako \u0161estilet\u00fd se s rodi\u010di odst\u011bhoval do Kr\u00e1sn\u00e9 L\u00edpy. Vyu\u010dil se u prodejce\u00a0bicykl\u016f a motocykl\u016f ve\u00a0Varnsdorfu. V devaten\u00e1cti letech ode\u0161el &hellip; <\/p>\n<p class=\"link-more\"><a href=\"https:\/\/www.telenec.cz\/index.php\/motocykly\/\" class=\"more-link\">Pokra\u010dovat ve \u010dten\u00ed<span class=\"screen-reader-text\"> &#8222;Motocykly&#8220;<\/span><\/a><\/p>\n","protected":false},"author":1,"featured_media":0,"parent":0,"menu_order":0,"comment_status":"closed","ping_status":"closed","template":"","meta":{"footnotes":"","_wp_rev_ctl_limit":"3"},"class_list":["post-555","page","type-page","status-publish","hentry"],"_links":{"self":[{"href":"https:\/\/www.telenec.cz\/index.php\/wp-json\/wp\/v2\/pages\/555"}],"collection":[{"href":"https:\/\/www.telenec.cz\/index.php\/wp-json\/wp\/v2\/pages"}],"about":[{"href":"https:\/\/www.telenec.cz\/index.php\/wp-json\/wp\/v2\/types\/page"}],"author":[{"embeddable":true,"href":"https:\/\/www.telenec.cz\/index.php\/wp-json\/wp\/v2\/users\/1"}],"replies":[{"embeddable":true,"href":"https:\/\/www.telenec.cz\/index.php\/wp-json\/wp\/v2\/comments?post=555"}],"version-history":[{"count":4,"href":"https:\/\/www.telenec.cz\/index.php\/wp-json\/wp\/v2\/pages\/555\/revisions"}],"predecessor-version":[{"id":2258,"href":"https:\/\/www.telenec.cz\/index.php\/wp-json\/wp\/v2\/pages\/555\/revisions\/2258"}],"wp:attachment":[{"href":"https:\/\/www.telenec.cz\/index.php\/wp-json\/wp\/v2\/media?parent=555"}],"curies":[{"name":"wp","href":"https:\/\/api.w.org\/{rel}","templated":true}]}}