{"id":531,"date":"2021-04-16T22:20:46","date_gmt":"2021-04-16T20:20:46","guid":{"rendered":"https:\/\/www.telenec.cz\/?page_id=531"},"modified":"2021-07-03T14:32:22","modified_gmt":"2021-07-03T12:32:22","slug":"vlci-hora","status":"publish","type":"page","link":"https:\/\/www.telenec.cz\/index.php\/vlci-hora\/","title":{"rendered":"Vl\u010d\u00ed Hora"},"content":{"rendered":"<h2 class=\"has-vivid-red-color has-text-color wp-block-heading\" style=\"font-size:38px\">osada Vl\u010d\u00ed Hora<\/h2>\n<p>Osada <strong><a href=\"http:\/\/www.fotohistorie.cz\/Ustecky\/Decin\/Vlci_Hora\/Default.aspx\" data-type=\"URL\" data-id=\"http:\/\/www.fotohistorie.cz\/Ustecky\/Decin\/Vlci_Hora\/Default.aspx\" target=\"_blank\" rel=\"noreferrer noopener\">Vl\u010d\u00ed Hora<\/a><\/strong>&nbsp;le\u017e\u00ed na&nbsp;ji\u017en\u00edm \u00fapat\u00ed&nbsp;stejnojmenn\u00e9ho kopce&nbsp;asi 3,5&nbsp;km severoz\u00e1padn\u011b od&nbsp;Kr\u00e1sn\u00e9 L\u00edpy.  U\u017e dlouho p\u0159ed jej\u00edm vznikem p\u016fsobili v&nbsp;okoln\u00edch les\u00edch skl\u00e1\u0159i. Poz\u016fstatky jejich pec\u00ed, nalezen\u00e9 na&nbsp;severoz\u00e1padn\u00edm svahu Kamenn\u00e9ho vrchu, se datuj\u00ed do&nbsp;doby kolem roku 1300. Ves  se rozkl\u00e1d\u00e1 v \u0161irok\u00e9m sedle mezi Vl\u010d\u00ed horou a Kamenn\u00fdm vrchem. <\/p>\n<div class=\"wp-block-image\">\n<figure class=\"aligncenter size-large\"><a href=\"https:\/\/www.telenec.cz\/wp-content\/uploads\/2021\/05\/mapa-Vlci-Hora.jpg\"><img loading=\"lazy\" decoding=\"async\" width=\"1000\" height=\"680\" src=\"https:\/\/www.telenec.cz\/wp-content\/uploads\/2021\/05\/mapa-Vlci-Hora.jpg\" alt=\"\" class=\"wp-image-1245\" srcset=\"https:\/\/www.telenec.cz\/wp-content\/uploads\/2021\/05\/mapa-Vlci-Hora.jpg 1000w, https:\/\/www.telenec.cz\/wp-content\/uploads\/2021\/05\/mapa-Vlci-Hora-300x204.jpg 300w, https:\/\/www.telenec.cz\/wp-content\/uploads\/2021\/05\/mapa-Vlci-Hora-768x522.jpg 768w\" sizes=\"(max-width: 706px) 89vw, (max-width: 767px) 82vw, 740px\" \/><\/a><\/figure>\n<\/div>\n<p>Vznikla \u00fadajn\u011b roku 1589 p\u0159i kolonizaci tehdy hlubok\u00fdch hvozd\u016f.&nbsp; Prvn\u00ed p\u00edsemn\u00e1 zm\u00ednka o n\u00ed je z roku 1719. V osmdes\u00e1t\u00fdch letech 18. stolet\u00ed bylo na Vl\u010d\u00ed Ho\u0159e 79 dom\u016f a zdej\u0161\u00ed rycht\u00e1\u0159 spravoval tak\u00e9 Sn\u011b\u017enou a Dlouh\u00fd D\u016fl. V roce 1869 tu \u017eilo u\u017e 1074 obyvatel. <\/p>\n<p> V dnes ji\u017e zanikl\u00e9m dom\u011b \u010d.p. 1 se narodil pozd\u011bj\u0161\u00ed litom\u011b\u0159ick\u00fd biskup <a href=\"https:\/\/cs.wikipedia.org\/wiki\/Anton%C3%ADn_Alois_Weber\" data-type=\"URL\" data-id=\"https:\/\/cs.wikipedia.org\/wiki\/Anton%C3%ADn_Alois_Weber\" target=\"_blank\" rel=\"noreferrer noopener\">Anton Alois Weber<\/a> (1877 &#8211; 1948).<\/p>\n<p>Uprost\u0159ed osady stoj\u00ed pozdn\u011b emp\u00edrov\u00e1 kaple Panny Marie Karmelsk\u00e9. Postaven\u00e1 byla v roce 1870 a 17. \u0159\u00edjna  t\u00e9ho\u017e roku byla vysv\u011bcen\u00e1. V \u010dervnu 1930 byla um\u00edst\u011bna  na jej\u00edm olt\u00e1\u0159i  kopie Sixtinsk\u00e9 madony, namalovan\u00e1 Josefem Neumannem z Horn\u00edho Jind\u0159ichova.<\/p>\n<p>O p\u011bt let pozd\u011bji byla nad vchodem p\u0159istav\u011bna druh\u00e1 v\u011b\u017ei\u010dka s hodinami. Po roce 1945 u\u017e se kaple nevyu\u017e\u00edvala a zvolna ch\u00e1trala a\u017e do roku 2008, kdy byla zah\u00e1jena jej\u00ed rekonstrukce. Obnoven\u00e1 kaple byla znova slavnostn\u011b vysv\u011bcena 18. prosince 2010. P\u0159ed kapl\u00ed je pomn\u00edk padl\u00fdch v 1. sv\u011btov\u00e9 v\u00e1lce. <\/p>\n<figure class=\"wp-block-gallery columns-2 is-cropped wp-block-gallery-1 is-layout-flex wp-block-gallery-is-layout-flex\">\n<ul class=\"blocks-gallery-grid\">\n<li class=\"blocks-gallery-item\">\n<figure><a href=\"https:\/\/www.telenec.cz\/wp-content\/uploads\/2021\/05\/Kaple-Pany-Marie-Karmelicke-J.Pokorak.jpg\"><img loading=\"lazy\" decoding=\"async\" width=\"667\" height=\"1000\" src=\"https:\/\/www.telenec.cz\/wp-content\/uploads\/2021\/05\/Kaple-Pany-Marie-Karmelicke-J.Pokorak.jpg\" alt=\"\" data-id=\"1235\" data-link=\"https:\/\/www.telenec.cz\/index.php\/vlci-hora\/kaple-pany-marie-karmelicke-j-pokorak\/\" class=\"wp-image-1235\" srcset=\"https:\/\/www.telenec.cz\/wp-content\/uploads\/2021\/05\/Kaple-Pany-Marie-Karmelicke-J.Pokorak.jpg 667w, https:\/\/www.telenec.cz\/wp-content\/uploads\/2021\/05\/Kaple-Pany-Marie-Karmelicke-J.Pokorak-200x300.jpg 200w\" sizes=\"(max-width: 667px) 100vw, 667px\" \/><\/a><\/figure>\n<\/li>\n<li class=\"blocks-gallery-item\">\n<figure><a href=\"https:\/\/www.telenec.cz\/wp-content\/uploads\/2021\/05\/Kaple-Pany-Marerie-Karmelitske-P.Picmus-1.jpg\"><img loading=\"lazy\" decoding=\"async\" width=\"1000\" height=\"750\" src=\"https:\/\/www.telenec.cz\/wp-content\/uploads\/2021\/05\/Kaple-Pany-Marerie-Karmelitske-P.Picmus-1.jpg\" alt=\"\" data-id=\"1236\" data-full-url=\"https:\/\/www.telenec.cz\/wp-content\/uploads\/2021\/05\/Kaple-Pany-Marerie-Karmelitske-P.Picmus-1.jpg\" data-link=\"https:\/\/www.telenec.cz\/index.php\/vlci-hora\/kaple-pany-marerie-karmelitske-p-picmus-1\/\" class=\"wp-image-1236\" srcset=\"https:\/\/www.telenec.cz\/wp-content\/uploads\/2021\/05\/Kaple-Pany-Marerie-Karmelitske-P.Picmus-1.jpg 1000w, https:\/\/www.telenec.cz\/wp-content\/uploads\/2021\/05\/Kaple-Pany-Marerie-Karmelitske-P.Picmus-1-300x225.jpg 300w, https:\/\/www.telenec.cz\/wp-content\/uploads\/2021\/05\/Kaple-Pany-Marerie-Karmelitske-P.Picmus-1-768x576.jpg 768w\" sizes=\"(max-width: 706px) 89vw, (max-width: 767px) 82vw, 740px\" \/><\/a><\/figure>\n<\/li>\n<\/ul><figcaption class=\"blocks-gallery-caption\">kaple panny Marie Karmelsk\u00e9 (autor J. Pokorak)<\/figcaption><\/figure>\n<div class=\"wp-block-image\">\n<figure class=\"aligncenter size-large is-resized\"><img loading=\"lazy\" decoding=\"async\" src=\"https:\/\/www.telenec.cz\/wp-content\/uploads\/2021\/05\/vnitrek-kaple.jpg\" alt=\"\" class=\"wp-image-1237\" width=\"500\" height=\"334\" srcset=\"https:\/\/www.telenec.cz\/wp-content\/uploads\/2021\/05\/vnitrek-kaple.jpg 1000w, https:\/\/www.telenec.cz\/wp-content\/uploads\/2021\/05\/vnitrek-kaple-300x200.jpg 300w, https:\/\/www.telenec.cz\/wp-content\/uploads\/2021\/05\/vnitrek-kaple-768x512.jpg 768w\" sizes=\"(max-width: 500px) 100vw, 500px\" \/><figcaption>Vnit\u0159ek kaple Pany Marie Karmelsk\u00e9<\/figcaption><\/figure>\n<\/div>\n<p>V bl\u00edzkosti kaple st\u00e1la nov\u00e1 hospoda,  postaven\u00e1 m\u00edsto p\u016fvodn\u00ed roubenky, kter\u00e1 v roce 1975 vyho\u0159ela. Stavbu schvaloval Spolek pro Severn\u00ed \u010cechy. Architektonicky stavba od obce moc nezapadala. Budovu pozd\u011bji p\u0159evzala firma <a rel=\"noreferrer noopener\" href=\"https:\/\/www.nobilis.cz\/\" data-type=\"URL\" data-id=\"https:\/\/www.nobilis.cz\/\" target=\"_blank\">Nobilis Tilia<\/a>, vyr\u00e1b\u011bj\u00edc\u00ed p\u0159\u00edrodn\u00ed kosmetiku.<\/p>\n<figure class=\"wp-block-gallery columns-2 is-cropped wp-block-gallery-2 is-layout-flex wp-block-gallery-is-layout-flex\">\n<ul class=\"blocks-gallery-grid\">\n<li class=\"blocks-gallery-item\">\n<figure><img loading=\"lazy\" decoding=\"async\" width=\"1000\" height=\"595\" src=\"https:\/\/www.telenec.cz\/wp-content\/uploads\/2021\/05\/Nobilis-puvodni.jpg\" alt=\"\" data-id=\"1238\" data-link=\"https:\/\/www.telenec.cz\/index.php\/vlci-hora\/nobilis-puvodni\/\" class=\"wp-image-1238\" srcset=\"https:\/\/www.telenec.cz\/wp-content\/uploads\/2021\/05\/Nobilis-puvodni.jpg 1000w, https:\/\/www.telenec.cz\/wp-content\/uploads\/2021\/05\/Nobilis-puvodni-300x179.jpg 300w, https:\/\/www.telenec.cz\/wp-content\/uploads\/2021\/05\/Nobilis-puvodni-768x457.jpg 768w\" sizes=\"(max-width: 706px) 89vw, (max-width: 767px) 82vw, 740px\" \/><\/figure>\n<\/li>\n<li class=\"blocks-gallery-item\">\n<figure><img loading=\"lazy\" decoding=\"async\" width=\"1000\" height=\"562\" src=\"https:\/\/www.telenec.cz\/wp-content\/uploads\/2021\/05\/Nobilia-nova.jpg\" alt=\"\" data-id=\"1239\" data-full-url=\"https:\/\/www.telenec.cz\/wp-content\/uploads\/2021\/05\/Nobilia-nova.jpg\" data-link=\"https:\/\/www.telenec.cz\/index.php\/vlci-hora\/nobilia-nova\/\" class=\"wp-image-1239\" srcset=\"https:\/\/www.telenec.cz\/wp-content\/uploads\/2021\/05\/Nobilia-nova.jpg 1000w, https:\/\/www.telenec.cz\/wp-content\/uploads\/2021\/05\/Nobilia-nova-300x169.jpg 300w, https:\/\/www.telenec.cz\/wp-content\/uploads\/2021\/05\/Nobilia-nova-768x432.jpg 768w\" sizes=\"(max-width: 706px) 89vw, (max-width: 767px) 82vw, 740px\" \/><\/figure>\n<\/li>\n<\/ul><figcaption class=\"blocks-gallery-caption\">Stara a nov\u00e1 budova firmy Nobilis Tilia<\/figcaption><\/figure>\n<p>V sou\u010dasnosti pat\u0159\u00ed  firm\u011b tak\u00e9 b\u00fdval\u00e1 \u0161koln\u00ed budova z roku 1910, kde je  mal\u00fd obch\u016fdek         s \u010dajovnou a voln\u011b p\u0159\u00edstupnou bylinkovou zahradu. <\/p>\n<div class=\"wp-block-image\">\n<figure class=\"aligncenter size-large is-resized\"><img loading=\"lazy\" decoding=\"async\" src=\"https:\/\/www.telenec.cz\/wp-content\/uploads\/2021\/05\/Byvala-skola-na-VH-1.jpg\" alt=\"\" class=\"wp-image-1240\" width=\"500\" height=\"375\" srcset=\"https:\/\/www.telenec.cz\/wp-content\/uploads\/2021\/05\/Byvala-skola-na-VH-1.jpg 1000w, https:\/\/www.telenec.cz\/wp-content\/uploads\/2021\/05\/Byvala-skola-na-VH-1-300x225.jpg 300w, https:\/\/www.telenec.cz\/wp-content\/uploads\/2021\/05\/Byvala-skola-na-VH-1-768x576.jpg 768w\" sizes=\"(max-width: 500px) 100vw, 500px\" \/><figcaption>B\u00fdval\u00e1 \u0161kola na Vl\u010d\u00ed Ho\u0159e<\/figcaption><\/figure>\n<\/div>\n<p>Na ji\u017en\u00edm okraji obce je h\u0159bitov, v jeho\u017e st\u0159edu stoj\u00ed rodinn\u00e1 hrobka majitele zdej\u0161\u00ed pun\u010doch\u00e1rny Johanna Nitsche.<\/p>\n<div class=\"wp-block-image\">\n<figure class=\"aligncenter size-large is-resized\"><a href=\"https:\/\/www.telenec.cz\/wp-content\/uploads\/2021\/05\/Hrbitovni-kaple-J.Pokrak.jpg\"><img loading=\"lazy\" decoding=\"async\" src=\"https:\/\/www.telenec.cz\/wp-content\/uploads\/2021\/05\/Hrbitovni-kaple-J.Pokrak.jpg\" alt=\"\" class=\"wp-image-1247\" width=\"500\" height=\"334\" srcset=\"https:\/\/www.telenec.cz\/wp-content\/uploads\/2021\/05\/Hrbitovni-kaple-J.Pokrak.jpg 1000w, https:\/\/www.telenec.cz\/wp-content\/uploads\/2021\/05\/Hrbitovni-kaple-J.Pokrak-300x200.jpg 300w, https:\/\/www.telenec.cz\/wp-content\/uploads\/2021\/05\/Hrbitovni-kaple-J.Pokrak-768x512.jpg 768w\" sizes=\"(max-width: 500px) 100vw, 500px\" \/><\/a><figcaption>hrobka Johana Nitscheho<\/figcaption><\/figure>\n<\/div>\n<p>P\u016fjdeme-li po silnici z Vl\u010d\u00ed Hory do Zahrad naraz\u00edme na prav\u00e9 stran\u011b silnice na \u017debr\u00e1ckou kapli. Podle pov\u011bsti byla postavena za pen\u00edze, je\u017e byly nalezeny u \u017eebr\u00e1ka, kter\u00fd na tomto m\u00edst\u011b zem\u0159el. Ve skute\u010dnosti v\u0161ak jej\u00ed stavbu inicioval v&nbsp;roce 1808 zbo\u017en\u00fd podiv\u00edn Daniel Hieke, pr\u00fd na z\u00e1klad\u011b bo\u017e\u00edho vnuknut\u00ed. Sou\u010dasn\u00fd obraz don\u00e1tora v&nbsp;\u017eebr\u00e1ck\u00e9m h\u00e1vu, um\u00edst\u011bn\u00fd ve \u0161t\u00edt\u011b kaple, je v\u0161ak novodob\u00fd.<\/p>\n<div class=\"wp-block-image\">\n<figure class=\"aligncenter size-large is-resized\"><a href=\"https:\/\/www.telenec.cz\/wp-content\/uploads\/2021\/05\/Zebracka-kaple-A.W.Kratochvilova.jpg\"><img loading=\"lazy\" decoding=\"async\" src=\"https:\/\/www.telenec.cz\/wp-content\/uploads\/2021\/05\/Zebracka-kaple-A.W.Kratochvilova.jpg\" alt=\"\" class=\"wp-image-1249\" width=\"500\" height=\"333\" srcset=\"https:\/\/www.telenec.cz\/wp-content\/uploads\/2021\/05\/Zebracka-kaple-A.W.Kratochvilova.jpg 1000w, https:\/\/www.telenec.cz\/wp-content\/uploads\/2021\/05\/Zebracka-kaple-A.W.Kratochvilova-300x200.jpg 300w, https:\/\/www.telenec.cz\/wp-content\/uploads\/2021\/05\/Zebracka-kaple-A.W.Kratochvilova-768x511.jpg 768w\" sizes=\"(max-width: 500px) 100vw, 500px\" \/><\/a><figcaption>kapli\u010dka Panny Marie Pomocn\u00e9 (\u017eebr\u00e1ck\u00e1 kaple autorka A.W. Kratochv\u00edlov\u00e1)<\/figcaption><\/figure>\n<\/div>\n<p>Budeme-li pokra\u010dovat do  Zahrad,  tak na severoz\u00e1padn\u00edm okraji vsi  na zahrad\u011b v dom\u011b  \u010d.p. 30 naraz\u00edme na geologickou mapu tohoto regionu.<\/p>\n<figure class=\"wp-block-gallery columns-2 is-cropped wp-block-gallery-3 is-layout-flex wp-block-gallery-is-layout-flex\">\n<ul class=\"blocks-gallery-grid\">\n<li class=\"blocks-gallery-item\">\n<figure><a href=\"https:\/\/www.telenec.cz\/wp-content\/uploads\/2021\/05\/Kogler.jpg\"><img loading=\"lazy\" decoding=\"async\" width=\"1000\" height=\"750\" src=\"https:\/\/www.telenec.cz\/wp-content\/uploads\/2021\/05\/Kogler.jpg\" alt=\"\" data-id=\"1255\" data-full-url=\"https:\/\/www.telenec.cz\/wp-content\/uploads\/2021\/05\/Kogler.jpg\" data-link=\"https:\/\/www.telenec.cz\/index.php\/vlci-hora\/kogler\/\" class=\"wp-image-1255\" srcset=\"https:\/\/www.telenec.cz\/wp-content\/uploads\/2021\/05\/Kogler.jpg 1000w, https:\/\/www.telenec.cz\/wp-content\/uploads\/2021\/05\/Kogler-300x225.jpg 300w, https:\/\/www.telenec.cz\/wp-content\/uploads\/2021\/05\/Kogler-768x576.jpg 768w\" sizes=\"(max-width: 706px) 89vw, (max-width: 767px) 82vw, 740px\" \/><\/a><\/figure>\n<\/li>\n<li class=\"blocks-gallery-item\">\n<figure><a href=\"https:\/\/www.telenec.cz\/wp-content\/uploads\/2021\/05\/Geologicka-mapa_1.jpg\"><img loading=\"lazy\" decoding=\"async\" width=\"1000\" height=\"750\" src=\"https:\/\/www.telenec.cz\/wp-content\/uploads\/2021\/05\/Geologicka-mapa_1.jpg\" alt=\"\" data-id=\"1250\" data-full-url=\"https:\/\/www.telenec.cz\/wp-content\/uploads\/2021\/05\/Geologicka-mapa_1.jpg\" data-link=\"https:\/\/www.telenec.cz\/index.php\/vlci-hora\/geologicka-mapa_1\/\" class=\"wp-image-1250\" srcset=\"https:\/\/www.telenec.cz\/wp-content\/uploads\/2021\/05\/Geologicka-mapa_1.jpg 1000w, https:\/\/www.telenec.cz\/wp-content\/uploads\/2021\/05\/Geologicka-mapa_1-300x225.jpg 300w, https:\/\/www.telenec.cz\/wp-content\/uploads\/2021\/05\/Geologicka-mapa_1-768x576.jpg 768w\" sizes=\"(max-width: 706px) 89vw, (max-width: 767px) 82vw, 740px\" \/><\/a><\/figure>\n<\/li>\n<\/ul><figcaption class=\"blocks-gallery-caption\">Geologick\u00e1 mapa Rudolfa K\u00f6glera<\/figcaption><\/figure>\n<p>Mapu vytvo\u0159il  ve t\u0159ic\u00e1t\u00fdch  letech minul\u00e9ho stolet\u00ed amat\u00e9rsk\u00fd geolog a astronom <a rel=\"noreferrer noopener\" href=\"https:\/\/cs.wikipedia.org\/wiki\/Rudolf_K%C3%B6gler\" data-type=\"URL\" data-id=\"https:\/\/cs.wikipedia.org\/wiki\/Rudolf_K%C3%B6gler\" target=\"_blank\">Rudolf K\u00f6gler.<\/a>  Mapa na&nbsp;plo\u0161e 50&nbsp;m<sup>2<\/sup>&nbsp;p\u0159edstavuje zmen\u0161enou kopii \u00fazem\u00ed mezi Brtn\u00edky, Brtnick\u00fdm hr\u00e1dkem,&nbsp;Doubic\u00ed&nbsp;a&nbsp;Kr\u00e1sn\u00fdm Bukem, sestavenou z&nbsp;autentick\u00fdch hornin, nasb\u00edran\u00fdch na&nbsp;cel\u00e9m zobrazen\u00e9m \u00fazem\u00ed (oblast <strong><a rel=\"noreferrer noopener\" href=\"https:\/\/cs.wikipedia.org\/wiki\/Lu%C5%BEick%C3%BD_zlom\" data-type=\"URL\" data-id=\"https:\/\/cs.wikipedia.org\/wiki\/Lu%C5%BEick%C3%BD_zlom\" target=\"_blank\">lu\u017eick\u00e9ho p\u0159esmyku<\/a><\/strong> &#8211; rozhran\u00ed \u017eulov\u00e9 \u0160luknovsk\u00e9 vrchoviny a p\u00edskovcov\u00e9ho \u010cesk\u00e9ho \u0160v\u00fdcarska). <\/p>\n<p>Mapa byla dokon\u010dena v&nbsp;roce 1935, dal\u0161\u00ed dva roky kolem n\u00ed vznikalo alpinum a&nbsp;v&nbsp;roce 1937 byla tato u\u010debna pod \u0161ir\u00fdm nebem zp\u0159\u00edstupn\u011bna ve\u0159ejnosti. <\/p>\n<p>Po&nbsp;smrti Rudolfa K\u00f6glera v&nbsp;roce 1949 p\u0159evzala roli pr\u016fvodkyn\u011b jeho man\u017eelka Anna a&nbsp;po&nbsp;n\u00ed dcera Ingrid Schnittnerov\u00e1 s&nbsp;rodinou, d\u00edky jejich\u017e p\u00e9\u010di se mapa zachovala dodnes.<\/p>\n<pre class=\"wp-block-preformatted\">[1] <em><a rel=\"noreferrer noopener\" href=\"https:\/\/cs.wikipedia.org\/wiki\/Vl%C4%8D%C3%AD_hora_(%C5%A0luknovsk%C3%A1_pahorkatina)\" data-type=\"URL\" data-id=\"https:\/\/cs.wikipedia.org\/wiki\/Vl%C4%8D%C3%AD_hora_(%C5%A0luknovsk%C3%A1_pahorkatina)\" target=\"_blank\">Vl\u010d\u00ed Hora<\/a> - Wikipedie<\/em>\n[1] <em><a rel=\"noreferrer noopener\" href=\"http:\/\/www.luzicke-hory.cz\/mista\/index.php?pg=obvlhoc\" data-type=\"URL\" data-id=\"http:\/\/www.luzicke-hory.cz\/mista\/index.php?pg=obvlhoc\" target=\"_blank\">Vl\u010d\u00ed Hora Lu\u017eick\u00e9 hory<\/a> - web <\/em><\/pre><\/p>\n","protected":false},"excerpt":{"rendered":"<p>osada Vl\u010d\u00ed Hora Osada Vl\u010d\u00ed Hora&nbsp;le\u017e\u00ed na&nbsp;ji\u017en\u00edm \u00fapat\u00ed&nbsp;stejnojmenn\u00e9ho kopce&nbsp;asi 3,5&nbsp;km severoz\u00e1padn\u011b od&nbsp;Kr\u00e1sn\u00e9 L\u00edpy. U\u017e dlouho p\u0159ed jej\u00edm vznikem p\u016fsobili v&nbsp;okoln\u00edch les\u00edch skl\u00e1\u0159i. Poz\u016fstatky jejich pec\u00ed, nalezen\u00e9 na&nbsp;severoz\u00e1padn\u00edm svahu Kamenn\u00e9ho vrchu, se datuj\u00ed do&nbsp;doby kolem roku 1300. Ves se rozkl\u00e1d\u00e1 v \u0161irok\u00e9m sedle mezi Vl\u010d\u00ed horou a Kamenn\u00fdm vrchem. Vznikla \u00fadajn\u011b roku 1589 p\u0159i kolonizaci tehdy &hellip; <\/p>\n<p class=\"link-more\"><a href=\"https:\/\/www.telenec.cz\/index.php\/vlci-hora\/\" class=\"more-link\">Pokra\u010dovat ve \u010dten\u00ed<span class=\"screen-reader-text\"> &#8222;Vl\u010d\u00ed Hora&#8220;<\/span><\/a><\/p>\n","protected":false},"author":1,"featured_media":0,"parent":0,"menu_order":0,"comment_status":"closed","ping_status":"closed","template":"","meta":{"footnotes":"","_wp_rev_ctl_limit":"3"},"class_list":["post-531","page","type-page","status-publish","hentry"],"_links":{"self":[{"href":"https:\/\/www.telenec.cz\/index.php\/wp-json\/wp\/v2\/pages\/531"}],"collection":[{"href":"https:\/\/www.telenec.cz\/index.php\/wp-json\/wp\/v2\/pages"}],"about":[{"href":"https:\/\/www.telenec.cz\/index.php\/wp-json\/wp\/v2\/types\/page"}],"author":[{"embeddable":true,"href":"https:\/\/www.telenec.cz\/index.php\/wp-json\/wp\/v2\/users\/1"}],"replies":[{"embeddable":true,"href":"https:\/\/www.telenec.cz\/index.php\/wp-json\/wp\/v2\/comments?post=531"}],"version-history":[{"count":3,"href":"https:\/\/www.telenec.cz\/index.php\/wp-json\/wp\/v2\/pages\/531\/revisions"}],"predecessor-version":[{"id":1976,"href":"https:\/\/www.telenec.cz\/index.php\/wp-json\/wp\/v2\/pages\/531\/revisions\/1976"}],"wp:attachment":[{"href":"https:\/\/www.telenec.cz\/index.php\/wp-json\/wp\/v2\/media?parent=531"}],"curies":[{"name":"wp","href":"https:\/\/api.w.org\/{rel}","templated":true}]}}