{"id":519,"date":"2021-04-16T22:14:51","date_gmt":"2021-04-16T20:14:51","guid":{"rendered":"https:\/\/www.telenec.cz\/?page_id=519"},"modified":"2021-06-27T13:32:55","modified_gmt":"2021-06-27T11:32:55","slug":"pavlino-udoli","status":"publish","type":"page","link":"https:\/\/www.telenec.cz\/index.php\/pavlino-udoli\/","title":{"rendered":"Pavl\u00ednino \u00fadol\u00ed"},"content":{"rendered":"<p class=\"has-vivid-red-color has-text-color\" style=\"font-size:38px\">Romantick\u00e1 proch\u00e1zka pod\u00e9l Ch\u0159ibsk\u00e9 Kamenice.<\/p>\n<p>Pavl\u00ednino \u00fadol\u00ed je p\u0159\u00edrodn\u00ed rezervace mezi obcemi Jet\u0159ichovice a Studen\u00fd. \u00dadol\u00ed vede kr\u00e1sn\u00fdm lesem pod\u00e9l \u0159\u00ed\u010dky Ch\u0159ibsk\u00e1 Kamenice. \u00dadol\u00ed lemuj\u00ed z velk\u00e9 \u010d\u00e1sti p\u00edskovcov\u00e9 sk\u00e1ly, kter\u00e9 zde vytv\u00e1\u0159ej\u00ed spolu s \u0159ekou a \u010dist\u00fdm lesem kr\u00e1sn\u00e9 romantick\u00e9 prost\u0159ed\u00ed.<\/p>\n<figure class=\"wp-block-image size-large\"><img loading=\"lazy\" decoding=\"async\" width=\"1000\" height=\"650\" src=\"https:\/\/www.telenec.cz\/wp-content\/uploads\/2021\/06\/mapa-Pavlinino-udoli.jpg\" alt=\"\" class=\"wp-image-1712\" srcset=\"https:\/\/www.telenec.cz\/wp-content\/uploads\/2021\/06\/mapa-Pavlinino-udoli.jpg 1000w, https:\/\/www.telenec.cz\/wp-content\/uploads\/2021\/06\/mapa-Pavlinino-udoli-300x195.jpg 300w, https:\/\/www.telenec.cz\/wp-content\/uploads\/2021\/06\/mapa-Pavlinino-udoli-768x499.jpg 768w\" sizes=\"(max-width: 706px) 89vw, (max-width: 767px) 82vw, 740px\" \/><\/figure>\n<p>\u00dadol\u00ed za\u010d\u00edn\u00e1 na z\u00e1pad\u011b u Studen\u00e9ho potoka a romanticky se klikat\u00ed kolem p\u00edskovcov\u00fdch str\u00e1n\u00ed a \u00fast\u00ed pobl\u00ed\u017e b\u00fdval\u00e9ho Grieslova ml\u00fdna. Na z\u00e1padn\u00edm okraji p\u0159ed rybn\u00edkem  je skaln\u00ed v\u00fdklenek  nazvan\u00fd Rusal\u010dina jeskyn\u011b.<\/p>\n<figure class=\"wp-block-gallery columns-3 is-cropped wp-block-gallery-1 is-layout-flex wp-block-gallery-is-layout-flex\">\n<ul class=\"blocks-gallery-grid\">\n<li class=\"blocks-gallery-item\">\n<figure><a href=\"https:\/\/www.telenec.cz\/wp-content\/uploads\/2021\/06\/A.-Spric_rybnik-1024x682.jpeg\"><img loading=\"lazy\" decoding=\"async\" width=\"1024\" height=\"682\" src=\"https:\/\/www.telenec.cz\/wp-content\/uploads\/2021\/06\/A.-Spric_rybnik-1024x682.jpeg\" alt=\"\" data-id=\"1713\" data-link=\"https:\/\/www.telenec.cz\/index.php\/pavlino-udoli\/a-spric_rybnik\/\" class=\"wp-image-1713\" srcset=\"https:\/\/www.telenec.cz\/wp-content\/uploads\/2021\/06\/A.-Spric_rybnik-1024x682.jpeg 1024w, https:\/\/www.telenec.cz\/wp-content\/uploads\/2021\/06\/A.-Spric_rybnik-300x200.jpeg 300w, https:\/\/www.telenec.cz\/wp-content\/uploads\/2021\/06\/A.-Spric_rybnik-768x512.jpeg 768w, https:\/\/www.telenec.cz\/wp-content\/uploads\/2021\/06\/A.-Spric_rybnik.jpeg 1187w\" sizes=\"(max-width: 706px) 89vw, (max-width: 767px) 82vw, 740px\" \/><\/a><\/figure>\n<\/li>\n<li class=\"blocks-gallery-item\">\n<figure><a href=\"https:\/\/www.telenec.cz\/wp-content\/uploads\/2021\/06\/J.-Novakova-rusalka.jpg\"><img loading=\"lazy\" decoding=\"async\" width=\"1000\" height=\"666\" src=\"https:\/\/www.telenec.cz\/wp-content\/uploads\/2021\/06\/J.-Novakova-rusalka.jpg\" alt=\"\" data-id=\"1716\" data-link=\"https:\/\/www.telenec.cz\/index.php\/pavlino-udoli\/j-novakova-rusalka\/\" class=\"wp-image-1716\" srcset=\"https:\/\/www.telenec.cz\/wp-content\/uploads\/2021\/06\/J.-Novakova-rusalka.jpg 1000w, https:\/\/www.telenec.cz\/wp-content\/uploads\/2021\/06\/J.-Novakova-rusalka-300x200.jpg 300w, https:\/\/www.telenec.cz\/wp-content\/uploads\/2021\/06\/J.-Novakova-rusalka-768x511.jpg 768w\" sizes=\"(max-width: 706px) 89vw, (max-width: 767px) 82vw, 740px\" \/><\/a><\/figure>\n<\/li>\n<li class=\"blocks-gallery-item\">\n<figure><a href=\"https:\/\/www.telenec.cz\/wp-content\/uploads\/2021\/06\/F-Krivan-pavlina.jpg\"><img loading=\"lazy\" decoding=\"async\" width=\"1000\" height=\"669\" src=\"https:\/\/www.telenec.cz\/wp-content\/uploads\/2021\/06\/F-Krivan-pavlina.jpg\" alt=\"\" data-id=\"1715\" data-link=\"https:\/\/www.telenec.cz\/index.php\/pavlino-udoli\/f-krivan-pavlina\/\" class=\"wp-image-1715\" srcset=\"https:\/\/www.telenec.cz\/wp-content\/uploads\/2021\/06\/F-Krivan-pavlina.jpg 1000w, https:\/\/www.telenec.cz\/wp-content\/uploads\/2021\/06\/F-Krivan-pavlina-300x201.jpg 300w, https:\/\/www.telenec.cz\/wp-content\/uploads\/2021\/06\/F-Krivan-pavlina-768x514.jpg 768w\" sizes=\"(max-width: 706px) 89vw, (max-width: 767px) 82vw, 740px\" \/><\/a><\/figure>\n<\/li>\n<li class=\"blocks-gallery-item\">\n<figure><a href=\"https:\/\/www.telenec.cz\/wp-content\/uploads\/2021\/06\/Rx6Eig.jpg\"><img loading=\"lazy\" decoding=\"async\" width=\"667\" height=\"1000\" src=\"https:\/\/www.telenec.cz\/wp-content\/uploads\/2021\/06\/Rx6Eig.jpg\" alt=\"\" data-id=\"1717\" data-link=\"https:\/\/www.telenec.cz\/index.php\/pavlino-udoli\/rx6eig\/\" class=\"wp-image-1717\" srcset=\"https:\/\/www.telenec.cz\/wp-content\/uploads\/2021\/06\/Rx6Eig.jpg 667w, https:\/\/www.telenec.cz\/wp-content\/uploads\/2021\/06\/Rx6Eig-200x300.jpg 200w\" sizes=\"(max-width: 667px) 100vw, 667px\" \/><\/a><\/figure>\n<\/li>\n<li class=\"blocks-gallery-item\">\n<figure><a href=\"https:\/\/www.telenec.cz\/wp-content\/uploads\/2021\/06\/Chribska-kamenice-v-Pavline-udoli.jpg\"><img loading=\"lazy\" decoding=\"async\" width=\"1000\" height=\"750\" src=\"https:\/\/www.telenec.cz\/wp-content\/uploads\/2021\/06\/Chribska-kamenice-v-Pavline-udoli.jpg\" alt=\"\" data-id=\"1718\" data-link=\"https:\/\/www.telenec.cz\/index.php\/pavlino-udoli\/chribska-kamenice-v-pavline-udoli\/\" class=\"wp-image-1718\" srcset=\"https:\/\/www.telenec.cz\/wp-content\/uploads\/2021\/06\/Chribska-kamenice-v-Pavline-udoli.jpg 1000w, https:\/\/www.telenec.cz\/wp-content\/uploads\/2021\/06\/Chribska-kamenice-v-Pavline-udoli-300x225.jpg 300w, https:\/\/www.telenec.cz\/wp-content\/uploads\/2021\/06\/Chribska-kamenice-v-Pavline-udoli-768x576.jpg 768w\" sizes=\"(max-width: 706px) 89vw, (max-width: 767px) 82vw, 740px\" \/><\/a><\/figure>\n<\/li>\n<li class=\"blocks-gallery-item\">\n<figure><a href=\"https:\/\/www.telenec.cz\/wp-content\/uploads\/2021\/06\/J.-Novakova.jpg\"><img loading=\"lazy\" decoding=\"async\" width=\"1000\" height=\"666\" src=\"https:\/\/www.telenec.cz\/wp-content\/uploads\/2021\/06\/J.-Novakova.jpg\" alt=\"\" data-id=\"1719\" data-link=\"https:\/\/www.telenec.cz\/index.php\/pavlino-udoli\/j-novakova\/\" class=\"wp-image-1719\" srcset=\"https:\/\/www.telenec.cz\/wp-content\/uploads\/2021\/06\/J.-Novakova.jpg 1000w, https:\/\/www.telenec.cz\/wp-content\/uploads\/2021\/06\/J.-Novakova-300x200.jpg 300w, https:\/\/www.telenec.cz\/wp-content\/uploads\/2021\/06\/J.-Novakova-768x511.jpg 768w\" sizes=\"(max-width: 706px) 89vw, (max-width: 767px) 82vw, 740px\" \/><\/a><\/figure>\n<\/li>\n<li class=\"blocks-gallery-item\">\n<figure><a href=\"https:\/\/www.telenec.cz\/wp-content\/uploads\/2021\/06\/Z.-Hojager_.jpg\"><img loading=\"lazy\" decoding=\"async\" width=\"1000\" height=\"562\" src=\"https:\/\/www.telenec.cz\/wp-content\/uploads\/2021\/06\/Z.-Hojager_.jpg\" alt=\"\" data-id=\"1722\" data-full-url=\"https:\/\/www.telenec.cz\/wp-content\/uploads\/2021\/06\/Z.-Hojager_.jpg\" data-link=\"https:\/\/www.telenec.cz\/index.php\/pavlino-udoli\/z-hojager_\/\" class=\"wp-image-1722\" srcset=\"https:\/\/www.telenec.cz\/wp-content\/uploads\/2021\/06\/Z.-Hojager_.jpg 1000w, https:\/\/www.telenec.cz\/wp-content\/uploads\/2021\/06\/Z.-Hojager_-300x169.jpg 300w, https:\/\/www.telenec.cz\/wp-content\/uploads\/2021\/06\/Z.-Hojager_-768x432.jpg 768w\" sizes=\"(max-width: 706px) 89vw, (max-width: 767px) 82vw, 740px\" \/><\/a><\/figure>\n<\/li>\n<li class=\"blocks-gallery-item\">\n<figure><a href=\"https:\/\/www.telenec.cz\/wp-content\/uploads\/2021\/06\/Skaly-v-Pavline-udoli.jpg\"><img loading=\"lazy\" decoding=\"async\" width=\"1000\" height=\"750\" src=\"https:\/\/www.telenec.cz\/wp-content\/uploads\/2021\/06\/Skaly-v-Pavline-udoli.jpg\" alt=\"\" data-id=\"1721\" data-link=\"https:\/\/www.telenec.cz\/index.php\/pavlino-udoli\/skaly-v-pavline-udoli\/\" class=\"wp-image-1721\" srcset=\"https:\/\/www.telenec.cz\/wp-content\/uploads\/2021\/06\/Skaly-v-Pavline-udoli.jpg 1000w, https:\/\/www.telenec.cz\/wp-content\/uploads\/2021\/06\/Skaly-v-Pavline-udoli-300x225.jpg 300w, https:\/\/www.telenec.cz\/wp-content\/uploads\/2021\/06\/Skaly-v-Pavline-udoli-768x576.jpg 768w\" sizes=\"(max-width: 706px) 89vw, (max-width: 767px) 82vw, 740px\" \/><\/a><\/figure>\n<\/li>\n<\/ul><figcaption class=\"blocks-gallery-caption\">PAvlinino \u00fadol\u00ed (auto\u0159i A. \u0160pric., J. Nov\u00e1kov\u00e1,, Z. Hojager, F K\u0159ivan)<\/figcaption><\/figure>\n<p>Nejmalebn\u011bj\u0161\u00ed \u00fasek toku  Kamenice je dlouh\u00fd asi 3 km.  \u00dadol\u00ed mezi p\u00edskovcov\u00fdmi skalami  je domovem pozoruhodn\u00fdch rostlin (<a rel=\"noreferrer noopener\" href=\"https:\/\/cs.wikipedia.org\/wiki\/Mokr%C3%BD%C5%A1\" data-type=\"URL\" data-id=\"https:\/\/cs.wikipedia.org\/wiki\/Mokr%C3%BD%C5%A1\" target=\"_blank\">mokr\u00fd\u0161 vst\u0159\u00edcnolist\u00fd<\/a>)  a \u017eivo\u010dich\u016f (<a rel=\"noreferrer noopener\" href=\"https:\/\/cs.wikipedia.org\/wiki\/Mihule_poto%C4%8Dn%C3%AD\" data-type=\"URL\" data-id=\"https:\/\/cs.wikipedia.org\/wiki\/Mihule_poto%C4%8Dn%C3%AD\" target=\"_blank\">mihule poto\u010dn\u00ed<\/a>)  a je  p\u0159\u00edrodn\u00ed rezervac\u00ed. <\/p>\n<p>Jin\u00fdm zaj\u00edmav\u00fdm m\u00edstem v t\u00e9to oblasti je <a href=\"http:\/\/www.peskypocesku.cz\/ustecky-kraj\/2020\/02\/28\/peskypocesku\/jetrichovice-krizovy-vrch-kamenny-uvoz\/\" data-type=\"URL\" data-id=\"http:\/\/www.peskypocesku.cz\/ustecky-kraj\/2020\/02\/28\/peskypocesku\/jetrichovice-krizovy-vrch-kamenny-uvoz\/\" target=\"_blank\" rel=\"noreferrer noopener\">Kamenn\u00fd \u00favoz<\/a>. Nach\u00e1z\u00ed se na lesn\u00ed cest\u011b z Jet\u0159ichovic do Rynartic.  K \u010demu \u00favoz  slou\u017eil je nejasn\u00e9. Podle n\u011bkter\u00fdch pramen\u016f se jednalo o starou obchodn\u00ed stezku, proto\u017ee tesan\u00e9 st\u011bny \u00favozu  by mohly odpov\u00eddat profilu traka\u0159\u016f. Jin\u00e9 prameny uv\u00e1d\u00ed\u011bj\u00ed,   \u017ee cesta slou\u017eila ke sv\u00e1\u017een\u00ed d\u0159eva a r\u00fdha uprost\u0159ed byla vytvo\u0159ena od kopyt ta\u017en\u00fdch kon\u00ed.<\/p>\n<figure class=\"wp-block-gallery columns-3 is-cropped wp-block-gallery-2 is-layout-flex wp-block-gallery-is-layout-flex\">\n<ul class=\"blocks-gallery-grid\">\n<li class=\"blocks-gallery-item\">\n<figure><a href=\"https:\/\/www.telenec.cz\/wp-content\/uploads\/2021\/06\/J.-Faiter-kameny-uvoz.jpg\"><img loading=\"lazy\" decoding=\"async\" width=\"562\" height=\"1000\" src=\"https:\/\/www.telenec.cz\/wp-content\/uploads\/2021\/06\/J.-Faiter-kameny-uvoz.jpg\" alt=\"\" data-id=\"1723\" data-link=\"https:\/\/www.telenec.cz\/index.php\/pavlino-udoli\/j-faiter-kameny-uvoz\/\" class=\"wp-image-1723\" srcset=\"https:\/\/www.telenec.cz\/wp-content\/uploads\/2021\/06\/J.-Faiter-kameny-uvoz.jpg 562w, https:\/\/www.telenec.cz\/wp-content\/uploads\/2021\/06\/J.-Faiter-kameny-uvoz-169x300.jpg 169w\" sizes=\"(max-width: 562px) 100vw, 562px\" \/><\/a><\/figure>\n<\/li>\n<li class=\"blocks-gallery-item\">\n<figure><a href=\"https:\/\/www.telenec.cz\/wp-content\/uploads\/2021\/06\/G7a3mH.jpg\"><img loading=\"lazy\" decoding=\"async\" width=\"1000\" height=\"750\" src=\"https:\/\/www.telenec.cz\/wp-content\/uploads\/2021\/06\/G7a3mH.jpg\" alt=\"\" data-id=\"1726\" data-full-url=\"https:\/\/www.telenec.cz\/wp-content\/uploads\/2021\/06\/G7a3mH.jpg\" data-link=\"https:\/\/www.telenec.cz\/index.php\/pavlino-udoli\/g7a3mh\/\" class=\"wp-image-1726\" srcset=\"https:\/\/www.telenec.cz\/wp-content\/uploads\/2021\/06\/G7a3mH.jpg 1000w, https:\/\/www.telenec.cz\/wp-content\/uploads\/2021\/06\/G7a3mH-300x225.jpg 300w, https:\/\/www.telenec.cz\/wp-content\/uploads\/2021\/06\/G7a3mH-768x576.jpg 768w\" sizes=\"(max-width: 706px) 89vw, (max-width: 767px) 82vw, 740px\" \/><\/a><\/figure>\n<\/li>\n<li class=\"blocks-gallery-item\">\n<figure><a href=\"https:\/\/www.telenec.cz\/wp-content\/uploads\/2021\/06\/xuAtr.jpg\"><img loading=\"lazy\" decoding=\"async\" width=\"750\" height=\"1000\" src=\"https:\/\/www.telenec.cz\/wp-content\/uploads\/2021\/06\/xuAtr.jpg\" alt=\"\" data-id=\"1724\" data-link=\"https:\/\/www.telenec.cz\/index.php\/pavlino-udoli\/xuatr\/\" class=\"wp-image-1724\" srcset=\"https:\/\/www.telenec.cz\/wp-content\/uploads\/2021\/06\/xuAtr.jpg 750w, https:\/\/www.telenec.cz\/wp-content\/uploads\/2021\/06\/xuAtr-225x300.jpg 225w\" sizes=\"(max-width: 706px) 89vw, (max-width: 767px) 82vw, 740px\" \/><\/a><\/figure>\n<\/li>\n<li class=\"blocks-gallery-item\">\n<figure><a href=\"https:\/\/www.telenec.cz\/wp-content\/uploads\/2021\/06\/f5g4AL.jpg\"><img loading=\"lazy\" decoding=\"async\" width=\"1000\" height=\"606\" src=\"https:\/\/www.telenec.cz\/wp-content\/uploads\/2021\/06\/f5g4AL.jpg\" alt=\"\" data-id=\"1725\" data-link=\"https:\/\/www.telenec.cz\/index.php\/pavlino-udoli\/f5g4al\/\" class=\"wp-image-1725\" srcset=\"https:\/\/www.telenec.cz\/wp-content\/uploads\/2021\/06\/f5g4AL.jpg 1000w, https:\/\/www.telenec.cz\/wp-content\/uploads\/2021\/06\/f5g4AL-300x182.jpg 300w, https:\/\/www.telenec.cz\/wp-content\/uploads\/2021\/06\/f5g4AL-768x465.jpg 768w\" sizes=\"(max-width: 706px) 89vw, (max-width: 767px) 82vw, 740px\" \/><\/a><\/figure>\n<\/li>\n<\/ul><figcaption class=\"blocks-gallery-caption\">Kamenn\u00fd \u00favoz (auto\u0159i J. Faiter, J. Nov\u00e1kov\u00e1)<\/figcaption><\/figure>\n<p><\/p>\n","protected":false},"excerpt":{"rendered":"<p>Romantick\u00e1 proch\u00e1zka pod\u00e9l Ch\u0159ibsk\u00e9 Kamenice. Pavl\u00ednino \u00fadol\u00ed je p\u0159\u00edrodn\u00ed rezervace mezi obcemi Jet\u0159ichovice a Studen\u00fd. \u00dadol\u00ed vede kr\u00e1sn\u00fdm lesem pod\u00e9l \u0159\u00ed\u010dky Ch\u0159ibsk\u00e1 Kamenice. \u00dadol\u00ed lemuj\u00ed z velk\u00e9 \u010d\u00e1sti p\u00edskovcov\u00e9 sk\u00e1ly, kter\u00e9 zde vytv\u00e1\u0159ej\u00ed spolu s \u0159ekou a \u010dist\u00fdm lesem kr\u00e1sn\u00e9 romantick\u00e9 prost\u0159ed\u00ed. \u00dadol\u00ed za\u010d\u00edn\u00e1 na z\u00e1pad\u011b u Studen\u00e9ho potoka a romanticky se klikat\u00ed kolem p\u00edskovcov\u00fdch &hellip; <\/p>\n<p class=\"link-more\"><a href=\"https:\/\/www.telenec.cz\/index.php\/pavlino-udoli\/\" class=\"more-link\">Pokra\u010dovat ve \u010dten\u00ed<span class=\"screen-reader-text\"> &#8222;Pavl\u00ednino \u00fadol\u00ed&#8220;<\/span><\/a><\/p>\n","protected":false},"author":1,"featured_media":0,"parent":0,"menu_order":0,"comment_status":"closed","ping_status":"closed","template":"","meta":{"footnotes":"","_wp_rev_ctl_limit":""},"class_list":["post-519","page","type-page","status-publish","hentry"],"_links":{"self":[{"href":"https:\/\/www.telenec.cz\/index.php\/wp-json\/wp\/v2\/pages\/519"}],"collection":[{"href":"https:\/\/www.telenec.cz\/index.php\/wp-json\/wp\/v2\/pages"}],"about":[{"href":"https:\/\/www.telenec.cz\/index.php\/wp-json\/wp\/v2\/types\/page"}],"author":[{"embeddable":true,"href":"https:\/\/www.telenec.cz\/index.php\/wp-json\/wp\/v2\/users\/1"}],"replies":[{"embeddable":true,"href":"https:\/\/www.telenec.cz\/index.php\/wp-json\/wp\/v2\/comments?post=519"}],"version-history":[{"count":0,"href":"https:\/\/www.telenec.cz\/index.php\/wp-json\/wp\/v2\/pages\/519\/revisions"}],"wp:attachment":[{"href":"https:\/\/www.telenec.cz\/index.php\/wp-json\/wp\/v2\/media?parent=519"}],"curies":[{"name":"wp","href":"https:\/\/api.w.org\/{rel}","templated":true}]}}