{"id":5,"date":"2021-04-02T23:12:45","date_gmt":"2021-04-02T21:12:45","guid":{"rendered":"https:\/\/www.telenec.cz\/?page_id=5"},"modified":"2021-07-07T23:41:24","modified_gmt":"2021-07-07T21:41:24","slug":"uvod","status":"publish","type":"page","link":"https:\/\/www.telenec.cz\/","title":{"rendered":"\u00davod"},"content":{"rendered":"<div class=\"wp-block-group\">\n<div class=\"wp-block-group__inner-container is-layout-flow wp-block-group-is-layout-flow\">\n<p class=\"has-vivid-red-color has-text-color\" style=\"font-size:38px\">P\u00e1r slov \u00favodem<\/p>\n<p>Pr\u00e1v\u011b si prohl\u00ed\u017e\u00edte&nbsp; \u00favodn\u00ed str\u00e1nku webu TELENEC.&nbsp; M\u011bl  bych asi  vysv\u011btlit, pro\u010d jsem tento web vytvo\u0159il a takto pojmenoval.<\/p>\n<p>Na za\u010d\u00e1tku sedmdes\u00e1t\u00fdch let minul\u00e9ho stolet\u00ed jsem podlehl <strong>chalup\u00e1\u0159sk\u00e9 v\u00e1\u0161ni<\/strong> a rozhodl se po\u0159\u00eddit si venkovsk\u00fd objekt. Zakoupit v t\u00e9 dob\u011b volnou chalupu ji\u017e bylo&nbsp; obt\u00ed\u017en\u00e9.&nbsp; Ve \u0160luknovsk\u00e9m v\u00fdb\u011b\u017eku ale m\u011bla chalupu moje tch\u00fdn\u011b. Proto jsem se v tomto regionu rozhl\u00ed\u017eel po pozemku.&nbsp;<\/p>\n<p>Voln\u00fd pozemek po vyho\u0159el\u00e9 chalup\u011b byl na Vl\u010d\u00ed Ho\u0159e v m\u00edst\u011b naz\u00fdvan\u00e9m <a href=\"https:\/\/www.telenec.cz\/index.php\/telenec\/\"><strong>Telenec<\/strong>.<\/a> (odtud n\u00e1zev webu).<\/p>\n<div class=\"wp-block-image\">\n<figure class=\"aligncenter size-large is-resized\"><a href=\"https:\/\/www.telenec.cz\/wp-content\/uploads\/2021\/07\/Minulost_1.jpg\"><img loading=\"lazy\" decoding=\"async\" src=\"https:\/\/www.telenec.cz\/wp-content\/uploads\/2021\/07\/Minulost_1.jpg\" alt=\"\" class=\"wp-image-2047\" width=\"500\" height=\"281\" srcset=\"https:\/\/www.telenec.cz\/wp-content\/uploads\/2021\/07\/Minulost_1.jpg 1000w, https:\/\/www.telenec.cz\/wp-content\/uploads\/2021\/07\/Minulost_1-300x169.jpg 300w, https:\/\/www.telenec.cz\/wp-content\/uploads\/2021\/07\/Minulost_1-768x432.jpg 768w\" sizes=\"(max-width: 500px) 100vw, 500px\" \/><\/a><figcaption>Pohled na m\u00edsto kde jsem se rozhodl  vybudovat chalupu<\/figcaption><\/figure>\n<\/div>\n<p>Po jedn\u00e1n\u00ed na tehdej\u0161\u00edm N\u00e1rodn\u00edm v\u00fdboru mn\u011b byl pozemek <strong>p\u0159iklepnut<\/strong> do osobn\u00edho u\u017e\u00edv\u00e1n\u00ed.<\/p>\n<p>Tak nastalo <strong>n\u011bkolikalet\u00e9 obdob\u00ed<\/strong> v\u00edkendov\u00e9 stavebn\u00ed aktivity. <\/p>\n<p>Po slo\u017eit\u00fdch kolauda\u010dn\u00edch procedur\u00e1ch a <strong>odkoupen\u00ed<\/strong> pozemku se <a href=\"https:\/\/www.telenec.cz\/index.php\/uvod\/chalupa\/\" data-type=\"page\" data-id=\"29\">chalup\u00e1\u0159sk\u00fd sen<\/a> naplnil.<\/p>\n<div class=\"wp-block-image\">\n<figure class=\"aligncenter size-large is-resized\"><a href=\"https:\/\/www.telenec.cz\/wp-content\/uploads\/2021\/05\/Chalupa_07.jpg\"><img loading=\"lazy\" decoding=\"async\" src=\"https:\/\/www.telenec.cz\/wp-content\/uploads\/2021\/05\/Chalupa_07.jpg\" alt=\"\" class=\"wp-image-810\" width=\"520\" height=\"298\"\/><\/a><figcaption>Chalupa ji\u017e stoj\u00ed<\/figcaption><\/figure>\n<\/div>\n<p>Chalupa le\u017e\u00ed na hranici N\u00e1rodn\u00edho parku \u010cesk\u00e9 \u0160v\u00fdcarsko. To bylo impulzem k tomu, abych  tento web vytvo\u0159il.<\/p>\n<p>Internetov\u00fdch str\u00e1nek o N\u00e1rodn\u00edm parku \u010cesk\u00e9 \u0160v\u00fdcarsko je cel\u00e1 \u0159ada. Na tomto webu nechci velebit jen kr\u00e1sy n\u00e1rodn\u00edho parku. Chci hlavn\u011b upozornit na&nbsp; zvl\u00e1\u0161tnosti, s kter\u00fdmi se zde n\u00e1v\u0161t\u011bvn\u00edk m\u016f\u017ee setkat a nebo ho to m\u016f\u017ee inspirovat k n\u00e1v\u0161t\u011bv\u011b. Web je z\u00e1rove\u0148 koncipov\u00e1n tak, aby v\u0161echny d\u016fle\u017eit\u00e9 a zaj\u00edmav\u00e9 informace (podklady) byly na n\u011bm dostupn\u00e9.<\/p>\n<\/div>\n<\/div>\n<pre class=\"wp-block-preformatted\">[1] <em><a rel=\"noreferrer noopener\" href=\"https:\/\/www.visitceskesvycarsko.cz\/?utm_source=google&amp;utm_medium=search\" target=\"_blank\">Visit \u010cesk\u00e9 \u0160v\u00fdcarsko<\/a> - web<\/em>\n[2] <em><a rel=\"noreferrer noopener\" href=\"https:\/\/www.ceskesvycarsko.cz\/cs\" target=\"_blank\">\u010cesk\u00e9 \u0160vycarsko<\/a> - web<\/em>\n[3] <em>Kol\u00e1\u010dek Y.L.: \u010ceskosask\u00e9 \u0160v\u00fdcarsko. Zkamen\u011bl\u00e1 poh\u00e1dka. Regia 2010<\/em><\/pre><\/p>\n","protected":false},"excerpt":{"rendered":"<p>P\u00e1r slov \u00favodem Pr\u00e1v\u011b si prohl\u00ed\u017e\u00edte&nbsp; \u00favodn\u00ed str\u00e1nku webu TELENEC.&nbsp; M\u011bl bych asi vysv\u011btlit, pro\u010d jsem tento web vytvo\u0159il a takto pojmenoval. Na za\u010d\u00e1tku sedmdes\u00e1t\u00fdch let minul\u00e9ho stolet\u00ed jsem podlehl chalup\u00e1\u0159sk\u00e9 v\u00e1\u0161ni a rozhodl se po\u0159\u00eddit si venkovsk\u00fd objekt. Zakoupit v t\u00e9 dob\u011b volnou chalupu ji\u017e bylo&nbsp; obt\u00ed\u017en\u00e9.&nbsp; Ve \u0160luknovsk\u00e9m v\u00fdb\u011b\u017eku ale m\u011bla chalupu moje &hellip; <\/p>\n<p class=\"link-more\"><a href=\"https:\/\/www.telenec.cz\/\" class=\"more-link\">Pokra\u010dovat ve \u010dten\u00ed<span class=\"screen-reader-text\"> &#8222;\u00davod&#8220;<\/span><\/a><\/p>\n","protected":false},"author":1,"featured_media":0,"parent":0,"menu_order":0,"comment_status":"closed","ping_status":"closed","template":"","meta":{"footnotes":"","_wp_rev_ctl_limit":"3"},"class_list":["post-5","page","type-page","status-publish","hentry"],"_links":{"self":[{"href":"https:\/\/www.telenec.cz\/index.php\/wp-json\/wp\/v2\/pages\/5"}],"collection":[{"href":"https:\/\/www.telenec.cz\/index.php\/wp-json\/wp\/v2\/pages"}],"about":[{"href":"https:\/\/www.telenec.cz\/index.php\/wp-json\/wp\/v2\/types\/page"}],"author":[{"embeddable":true,"href":"https:\/\/www.telenec.cz\/index.php\/wp-json\/wp\/v2\/users\/1"}],"replies":[{"embeddable":true,"href":"https:\/\/www.telenec.cz\/index.php\/wp-json\/wp\/v2\/comments?post=5"}],"version-history":[{"count":3,"href":"https:\/\/www.telenec.cz\/index.php\/wp-json\/wp\/v2\/pages\/5\/revisions"}],"predecessor-version":[{"id":2049,"href":"https:\/\/www.telenec.cz\/index.php\/wp-json\/wp\/v2\/pages\/5\/revisions\/2049"}],"wp:attachment":[{"href":"https:\/\/www.telenec.cz\/index.php\/wp-json\/wp\/v2\/media?parent=5"}],"curies":[{"name":"wp","href":"https:\/\/api.w.org\/{rel}","templated":true}]}}